2
Suppose 3*w - 50931 = -3*h, -30*w = -31*w + 4*h + 16997. What are the prime factors of w?
16981
Suppose 5*h + 4494 = 3*d, d - 6 = 4*d. Let a = -211 - h. What are the prime factors of a?
13, 53
Let r = 86331 - 20971. What are the prime factors of r?
2, 5, 19, 43
Suppose -5947 = -5*o + m, m = -0*m + 3. Suppose -3*p + 8 = -7, -2*p = 5*l - o. List the prime factors of l.
2, 59
Let q(u) = 5*u - 85. Let b be q(-8). Let o = b - -166. List the prime factors of o.
41
Let x(v) = -32419*v**3 + 5*v**2 + 36*v + 32. What are the prime factors of x(-1)?
2, 5, 1621
Let v(s) = -2*s + 22. Let q be v(9). Suppose -x + q*o - 7*o + 58 = 0, 4*x - 272 = -2*o. List the prime factors of x.
2, 5, 7
Let i be 1*(353 + -4 + 0). Let z = i - 115. List the prime factors of z.
2, 3, 13
Let u = 110182 + -76777. List the prime factors of u.
3, 5, 17, 131
Let k(n) = -n + 3. Let q be k(2). Let y(j) = 71 - 2*j - 23 + 13*j**2 - 48. List the prime factors of y(q).
11
Let h(j) = 31*j - 59*j + 163*j**3 + 0 + 201*j**3 + 3 + 25*j. What are the prime factors of h(1)?
2, 7, 13
Let l = -305 - -628. Let o = l - -498. What are the prime factors of o?
821
Let y(p) = -2*p**3 + 18*p**2 + 24*p + 6. Let n = 398 - 390. List the prime factors of y(n).
2, 163
Let j = -8254 - -21730. List the prime factors of j.
2, 3, 1123
Let t(p) = -14*p**2 - 1698*p - 36. List the prime factors of t(-36).
2, 3, 1193
Suppose 0 = -1825*i + 1816*i + 93195. List the prime factors of i.
5, 19, 109
Let f(z) = -z + 3. Let r be f(5). Let d be ((-4)/(-8) - -1)/(r/(-4)). What are the prime factors of d/(-2) + (-2)/4 + 45?
43
List the prime factors of (-102 - -83)/((-1)/1389).
3, 19, 463
Suppose 4*o = 2 + 6. Suppose -232 = -4*n - 4*u, -3*u + 6*u + 106 = o*n. List the prime factors of n.
2, 7
Suppose 3*w = 115*y - 116*y + 26894, -3*w = 2*y - 26890. List the prime factors of w.
2, 4483
Let o = 1255 - 267. Suppose 4*m - o = 480. What are the prime factors of m?
367
Suppose -3 = 3*p, 5*h = 7*p - 2*p + 1055. Let f = h - 208. List the prime factors of f.
2
Suppose -56*r + 52*r = -8. Suppose -3*v = -r*v. Suppose 2*b - 10*b + 448 = v. What are the prime factors of b?
2, 7
Suppose -18*j + 17093 = 17*j - 16437. List the prime factors of j.
2, 479
Suppose -2*h = -q + 425, 4*h - 636 + 181 = -q. Suppose 5*o = 4*w - 5*w + 433, 4*o - q = -w. List the prime factors of w.
443
Let w = 5311 + -3108. Suppose -9*n - 106 + w = 0. What are the prime factors of n?
233
Suppose 4*l = 267 + 1245. Let q = l + 641. List the prime factors of q.
1019
Let c(i) = 2*i**2 + 25*i + 25. Let z = -98 - -80. What are the prime factors of c(z)?
223
Let n = 14 - 10. Suppose 0 = 10*b - 45*b + 2520. Suppose n*y + y + 4*l = 135, 4*l = 4*y - b. List the prime factors of y.
23
Let x(t) = -13 + 4 + t**3 - 465*t + 481*t - 4*t**2. Let p be x(9). Suppose -f + 10*f - p = 0. What are the prime factors of f?
2, 3, 5
Let u = 5533 + 8364. What are the prime factors of u?
13, 1069
Let w = 5026 - 1894. What are the prime factors of w?
2, 3, 29
Suppose 4*m - 4*l = -7*l, -l = -3*m. List the prime factors of 4/(-10) + (m - (-1872)/5).
2, 11, 17
Let p(k) = -11273*k**3 - 5*k**2 - 9*k - 3. List the prime factors of p(-1).
2, 3, 1879
Let q be (-2)/(-11) - (-975905)/385. Suppose 0 = 2*y + 3*l - 1016, 0 = -5*y - 15*l + 10*l + q. List the prime factors of y.
5, 101
Let i(u) = 5*u + 5. Let t be i(0). Suppose 0 = t*y - 27 - 3. List the prime factors of (0 - -4) + y + -2 + 108.
2, 29
Let c(g) = 12*g**2 + 4*g - 21. Suppose 0 = -11*j + 5*j - 30. What are the prime factors of c(j)?
7, 37
Let u(q) = 19*q + 114. Let x be u(-6). Suppose -3*h + 1111 + 812 = x. What are the prime factors of h?
641
Suppose -10 = g + 6. Let c = 18 + g. Suppose 0 = -c*j - 4*v + 20, -2*j - 2*v - 3*v = -20. List the prime factors of j.
2, 5
List the prime factors of (2 - 3) + 90297/9.
2, 3, 11, 19
Suppose -89*m = -86*m - 270. What are the prime factors of 9/m + (-11247)/(-30)?
3, 5
Suppose -11*u + 4 = -15*u. Let x be 1332/6*u/(2 - 5). Suppose 0 = 3*g - x - 697. List the prime factors of g.
257
Let o(l) = 3*l**2 + 4*l. Let z = 36 - 21. Suppose 0 = -z*k + 12*k - 12. What are the prime factors of o(k)?
2
Suppose 5*y + 90 = -50. What are the prime factors of ((-60)/y)/(-5) + 4836/14?
3, 5, 23
List the prime factors of (37340/(-30))/((-20)/390).
13, 1867
Let g = -332 + 333. List the prime factors of (2/(-6)*g)/((-35)/71295).
7, 97
Let t(u) = 440*u + 10. Let k be t(-2). Let v = k - -1310. Suppose 80 = 4*m - v. List the prime factors of m.
2, 5, 13
Let s = 465 - 114. Let x = s + 78. List the prime factors of x.
3, 11, 13
Suppose 2*t - 15 = -5*s - 0*t, -9 = -3*s - 5*t. Suppose s*n - 879 = -5*v + v, 2*v = n + 437. Let g = -107 + v. List the prime factors of g.
2, 7
Suppose 4*b - 707 = -8*h + 9*h, -h + 2*b - 697 = 0. Let x = 1633 + h. What are the prime factors of x?
2, 11, 43
What are the prime factors of (31 - 17) + (241 - -1)?
2
What are the prime factors of (-14 - 215/(-15)) + (-322230)/(-18)?
2, 8951
Let b(v) = -3*v**2 + 4*v - 7. Let h(n) = -n**2. Let f(w) = b(w) - 5*h(w). Let x(a) = a**3 + 6*a**2 + 4*a - 10. Let r be x(-5). List the prime factors of f(r).
23
Suppose -2*m = -5*y + 272, y - 62 = m - 7. What are the prime factors of y*((-3)/(-6))/((-2)/(-30))?
3, 5
Let q be (-168)/(-18) + -1 + (-8)/6. Suppose -q*f + f = 1674. Let t = f + 403. List the prime factors of t.
2, 31
Let k(i) = -i**2 + 4*i + 8. Let b = 74 + -69. Let q be k(b). Suppose c + 0*c - 242 = 2*d, 4*c - q*d = 993. List the prime factors of c.
2, 3, 7
Suppose 13*y = -4*q + 12*y + 126962, 3*q + 3*y - 95217 = 0. What are the prime factors of q?
31741
Suppose -5 = 10*w - 9*w. Let u be 2/((-4)/6090*w). Suppose 144 = -5*z + u. What are the prime factors of z?
3, 31
Let t be 0*((-11)/2 - (0 - 5)). Suppose 24*v - 28*v - 8 = 0, w + 3*v - 399 = t. What are the prime factors of w?
3, 5
Let o = -70 - -65. Let u(n) = -79 + 32 - 16*n - 2*n - 32*n. What are the prime factors of u(o)?
7, 29
Let v be 1 - 1 - 3/6*-8. Let c(q) = 2*q**2 - 6*q - 5. Let r be c(v). Suppose r*h - 3 = 0, 3*t + 2*t - 2*h = 108. What are the prime factors of t?
2, 11
Suppose -h - 422 = -4*c, -5*c + 3*c = 4*h - 202. Let p = -102 + c. Suppose -p*b = -115 - 224. What are the prime factors of b?
113
Suppose -7*m + 9 - 2 = 0. Let d(f) = 2 - m - f + 72*f**3 + 0. What are the prime factors of d(1)?
2, 3
Let x(q) be the first derivative of 9*q**2/2 - 45*q - 24. Let b = 56 + -44. What are the prime factors of x(b)?
3, 7
Let g be (14/(-3))/(4/24). Let f = -22 - g. Suppose -2*d = -2*v - 100, -2*v + f*v = d - 53. List the prime factors of d.
7
Suppose -194*v + 192*v = -10. Suppose 0 = -5*r - v*d + 2045, 28*r + d - 2061 = 23*r. List the prime factors of r.
7, 59
List the prime factors of 34136/10*-1*(-60)/24.
2, 17, 251
Let q = -1447 - -3413. Suppose 8*c - q + 614 = 0. List the prime factors of c.
13
What are the prime factors of 455/637 - (-53272)/7?
3, 43, 59
Suppose 0 = -3*l + 10481 + 7225. List the prime factors of l.
2, 13, 227
Let a be (-2)/(-6) + 319/33. Suppose -2 = a*z - 2. Suppose 5*t = -3*c + 3*t + 26, z = 3*c + 5*t - 11. List the prime factors of c.
2, 3
Let v(p) = -25*p**2 - 10*p + 11. Let h be v(1). What are the prime factors of (-1907 - -2)/(h/16) - -1?
31, 41
Let o(y) = -y**2 + 19*y - 15. Let m be o(18). Suppose 0 = m*a + 8*a - 1991. List the prime factors of a.
181
Let k(b) = 5*b - 82. Let j be k(17). Suppose z - 56 = -3*y, -15*z - j*y + 244 = -10*z. What are the prime factors of z?
47
Suppose -15*x = -259491 - 120924. List the prime factors of x.
7, 3623
Let j(x) = 2262*x + 186. List the prime factors of j(4).
2, 3, 19
Let x = -7610 - -17847. List the prime factors of x.
29, 353
Let y = 85 - 83. Let n be (-76)/(-28) - (-3)/21*y. Suppose 3*o - n*x - 72 = 48, -5*o + x = -220. What are the prime factors of o?
3, 5
Let w be (2 - -1 - -1)*844/(-8). Let y = -109 - w. List the prime factors of y.
313
Let h = 301 + -118. Suppose 2*s + 2*x - h = 5*x, -5*s + 4*x + 454 = 0. What are the prime factors of s?
2, 3, 5
Let j(a) = 2294*a**2 + 413*a + 69. List the prime factors of j(-6).
3, 5, 1069
Let d(b) = b**2 + 14*b + 38. Let o be d(-3). Suppose 0 = f + o*z - 732, 1056 + 1050 = 3*f - 3*z. List the prime factors of f.
7, 101
Let w = 49 - 49. Suppose 634 - 3623 = -5*d - y, w = 4*d - 3*y - 2376. List the prime f